be (-2)/4 - 1/(-2). Suppose -3*q - q + 36 = s. What is the remainder when d(8) is divided by q?
8
Suppose -3*v + 13 = 3*n - 4*v, -5*n + 15 = 5*v. What is the remainder when ((-66)/(-4))/(2/n) is divided by 12?
9
Suppose 5*m - 8 = 3*m. Suppose 0 = 2*w + q - 0*q + m, 0 = 3*w - q + 6. Calculate the remainder when 32/((-1 + -1)/w) is divided by 11.
10
Suppose -1 + 7 = 3*z. Suppose z*r = -3*v + 4*v - 41, 4*v - 2*r - 188 = 0. What is the remainder when v is divided by 26?
23
Suppose 2*d = -0 - 8. Let x = -9 - d. Let y(g) = g**3 + 6*g**2 - 6*g + 3. Calculate the remainder when y(x) is divided by 20.
18
Let l = -81 + 94. Let h(z) = z + 7. Let o be 2/3 - (-4)/(-6). What is the remainder when l is divided by h(o)?
6
Suppose 2*p - 4*i = 42, -4*p - 16 = i - 64. Let j = -10 + 5. Let a = j - -10. What is the remainder when p is divided by a?
3
Let t(b) be the second derivative of b**5/20 - 13*b**4/12 + 3*b**3 - 3*b**2/2 + 4*b. What is the remainder when t(12) is divided by 18?
15
Let c(h) = -h**3 - 4*h**2 - 3*h - 1. Let i be c(-3). Let r(o) = -o. Let v(t) = t - 9. Calculate the remainder when v(10) is divided by r(i).
0
What is the remainder when ((-7)/(21/(-18)))/(6 + -5) is divided by (-2)/(2*(-1)/4)?
2
Suppose -14*p = -12*p - 98. Calculate the remainder when p is divided by 13.
10
Suppose g = -g + b + 27, g - 24 = 4*b. Let k = 6 - 36. What is the remainder when ((-28)/6)/(4/k) is divided by g?
11
Let m = 60 - 15. Suppose -3*g + 48 = -0*g. Calculate the remainder when m is divided by g.
13
Let j(q) = q - 2. Let t(x) = 4*x - 4. Let s(o) = 5*o - 5. Let i(a) = 3*s(a) - 4*t(a). What is the remainder when i(-6) is divided by j(5)?
1
Let i(v) = 2*v**2 - v + 7. Calculate the remainder when 129 is divided by i(3).
19
Suppose 221 = 9*y + 32. Calculate the remainder when y is divided by 14.
7
Suppose 5*n - 270 = 60. Calculate the remainder when n is divided by 18.
12
Suppose 0 = -5*w + w + 20. Suppose -61 = -w*m - 11. What is the remainder when 18 is divided by m?
8
Let g(r) = r**3 - 4*r**2 + 4*r + 1. Calculate the remainder when g(4) is divided by 6.
5
Suppose -4*j - 13 = -w, 0*w + 3*j + 4 = -5*w. Calculate the remainder when w is divided by 1.
0
Let k(r) = 0 - 2*r**2 + 2 + 4*r + 5*r**2. What is the remainder when 10 is divided by k(-2)?
4
Let n = 10 + -6. Calculate the remainder when 22 is divided by n.
2
Suppose p = 3*g + 10, 7*p + 26 = 2*p - 4*g. Let k be 2 + -1 + 18 + -17. What is the remainder when (k/(-4))/(p/116) is divided by 10?
9
What is the remainder when (-1 + -2)/((3/30)/(-1)) is divided by 16?
14
Suppose -t + x = 4*t - 96, 0 = 3*t + 5*x - 52. Let o be (-2 + 1)/(1/(-9)). Let d = 1 + o. Calculate the remainder when t is divided by d.
9
Let m = 3 - -1. Suppose 0 = 4*h - 2*x - 4, -5*h + 8 = 3*x - 19. Suppose h*o = 6*o - 6. Calculate the remainder when m is divided by o.
0
Suppose -w = -0*w - 15. Suppose 3*p + w = 6*p. Suppose 5*m - 18 = -3*x, -3*m + 4*m + 2 = 5*x. What is the remainder when p is divided by m?
2
Let a(n) = 2*n - 3. Let y be a(-5). Let q = 20 + y. Suppose -2*b + 3 = -35. What is the remainder when b is divided by q?
5
Suppose -x + 15 = -a + 6*a, -4*x + 4*a + 36 = 0. Calculate the remainder when 19 is divided by x.
9
Let b = 2 - -9. What is the remainder when 30 is divided by b?
8
Let q(g) = -g**3 + 9*g**2 + g + 12. Let u be q(9). Suppose 5*c = 71 - u. Suppose -12 = -2*a - 0. What is the remainder when c is divided by a?
4
Suppose -6*x + 3*x = -3*o + 36, 0 = 4*o + x - 23. Calculate the remainder when 13 is divided by o.
6
Let z = -4 - -7. Calculate the remainder when z is divided by ((-1)/3)/((-2)/6).
0
What is the remainder when ((-22)/(-4) + -1)*(-56)/(-6) is divided by 15?
12
Let v(t) = -t + 8. Let g be v(6). What is the remainder when g/(-4) - 106/(-4) is divided by 14?
12
Let w = 5 + 8. Let f(y) = 4*y**2 + 4*y + 1. What is the remainder when f(-3) is divided by w?
12
Suppose 4*o - 62 = -2*d - 0*d, 0 = d + 5. What is the remainder when o is divided by 10?
8
Calculate the remainder when (-2)/(-1 + -1) + (-1988)/(-14) is divided by 36.
35
Let d(x) = 9*x - 5. Let s be d(-4). Let j = -24 - s. Calculate the remainder when j is divided by 7 + 2 + 0/2.
8
Suppose -u + 3*b = -7 - 16, 2*b - 38 = -u. Suppose -3*j = -0*t + 3*t - 63, -5*j = 3*t - 97. What is the remainder when u is divided by j?
15
Let k be 24/3 + -1*1. Let l = 11 - k. Let w(f) = -f**2 + 2. What is the remainder when l is divided by w(0)?
0
Let q = 16 - 55. Let y = -25 - q. Calculate the remainder when y is divided by (-4)/(-6)*(1 - -5).
2
Suppose -4*x = -7*x + 48. Calculate the remainder when 45 is divided by x.
13
Let x = -40 - -57. Suppose 5*u = 2 + 3, 2 = 2*c - 4*u. Suppose -c*n + 26 + 0 = -p, -2*n + 22 = 4*p. What is the remainder when x is divided by n?
8
Let n = -107 + 119. What is the remainder when n is divided by 9?
3
Suppose -43 = -3*i + v + 35, -i + 34 = -3*v. Suppose 51 = 5*f - 194. Calculate the remainder when f is divided by i.
24
Let y(a) = 2*a - 6*a - 17 - 7 + 6. Calculate the remainder when y(-13) is divided by 18.
16
Suppose 0 = -2*z + 6, -y + 3*z + z = -17. Let j = 49 - y. What is the remainder when j is divided by 7?
6
Let a(d) = -3*d**2 + 7*d + 7. Let t be a(7). Let c = 127 + t. Calculate the remainder when c is divided by 19.
17
What is the remainder when -1 + (-15)/(-20) - (-137)/4 is divided by 21?
13
Let y be (11 - 9) + (172 - 0). Let r = -101 + y. Calculate the remainder when r is divided by 25.
23
Let c(q) = -7*q**2 - 2*q + 1. Suppose -6*x = -9*x + 3. Let j be c(x). Let y(z) = z**2 + 7*z - 5. What is the remainder when y(j) is divided by 2?
1
Suppose -27 = -a + 1. Let q = 33 - 19. Calculate the remainder when a is divided by (-1 - q)/(15/(-10)).
8
Suppose 2*c - 5*a + 191 = 0, -4*c - 115 = -2*a + 259. Let q = 52 + c. Let w = -24 - q. Calculate the remainder when 49 is divided by w.
15
Let h be (-24)/10 + (-4)/(-10). Suppose -30 = 6*l - 11*l. Calculate the remainder when -4*(h - (3 + -1)) is divided by l.
4
Suppose 4*d - 33 = -o, -o + d = 3*o - 64. Let w = -95 + 162. What is the remainder when w is divided by o?
16
Suppose -2*c = -3*u + 32, -2*u = c + 3*c. What is the remainder when 14 is divided by u?
6
Let z(o) = 3*o - 7. Suppose -26 = -3*n + 34. Calculate the remainder when n is divided by z(6).
9
Suppose 2*s - 3*s = 3. Let k(t) = t**2 - t. Let q(d) = -3*d**2. Let n(c) = -2*k(c) - q(c). What is the remainder when 8 is divided by n(s)?
2
Let j(o) be the third derivative of -o**5/60 + 5*o**4/8 - 3*o**3/2 + o**2. Let d(s) = s**2 + 5*s - 20. Calculate the remainder when j(7) is divided by d(-9).
15
Suppose 3*g - 36 = g. What is the remainder when 71 is divided by g?
17
Suppose -4*s + 935 = -229. Suppose 4*j - s = -91. Calculate the remainder when j is divided by 17.
16
Let f = 27 + -19. Let q = 50 - 29. What is the remainder when q is divided by f?
5
Suppose -6 = -2*i + 4. Suppose 3*h - 16 = h - 4*w, -4*h = 3*w - 17. Calculate the remainder when i is divided by h.
1
Suppose -3*k = -k - 76. Suppose -6*i + 3*i + 69 = 0. Let o = k - i. What is the remainder when o is divided by 8?
7
Let z(n) = -6 - 1 - 2*n + 2 - 3. Calculate the remainder when z(-15) is divided by 13.
9
Let t(h) = h**3 + 2*h**2 + h - 1. Let b be t(-2). Let r be -1 + (b - -2)*0. Calculate the remainder when 8 is divided by 2 - 3/(1/r).
3
What is the remainder when 39 is divided by 6/8 - 333/(-36)?
9
Suppose -45 = -5*o - 5. What is the remainder when 38 is divided by o?
6
Let a = 0 - -3. Suppose -16 = -a*m + 2*m. Suppose -w = -l + m, -5*l + 60 + 5 = -2*w. What is the remainder when 20 is divided by l?
9
Let k = 5 + -10. Suppose -l = l - 2. Calculate the remainder when 1/(-2)*(3 + k) is divided by l.
0
Let m(n) = -n**2 + 6*n + 5. Let x be m(7). Let w(j) = -j + 1. What is the remainder when 7 is divided by w(x)?
1
Let f(s) = -23*s + 1. Let b = -139 + 157. Calculate the remainder when f(-3) is divided by b.
16
Let i = -38 + 70. Suppose 0 = s + 3*s - 4. Let c(f) = 16*f + 1. What is the remainder when i is divided by c(s)?
15
Suppose 4*v + 2*d + 60 = 2*v, -2*v - 3*d - 64 = 0. Let s = -21 - v. What is the remainder when 14 is divided by s?
4
Let x(p) = -p**3 - 8*p**2 - 9*p - 10. What is the remainder when 10 is divided by x(-7)?
2
Suppose -2*k = 3*k - 20. What is the remainder when -4 + 1 - (-3 + 